 factors of v.
2, 53
Suppose -31*l = -28*l - 111. Let k(n) = -l*n - n**3 + 9 + 76*n - 36*n + 11*n**2. What are the prime factors of k(6)?
3, 23
Suppose 0 = -3*q - 4*f + 88, 3*q + 4*f - 68 = 5*f. Let u(d) = d**2 - 25*d + 40. What are the prime factors of u(q)?
2
Let h(r) = 855*r**3 + 2*r**2 + 3*r - 3. Let g be h(1). Let j = g - 441. What are the prime factors of j?
2, 13
Let a = 103 - -802. Suppose 6*g + a = -2035. What are the prime factors of g/7*(-4)/10?
2, 7
Let z(r) = r - 9. Let f be z(12). Suppose 0 = -8*j + f*j + 20. Suppose -2*h = -1 - 7, -j*h = b - 71. List the prime factors of b.
5, 11
Let n(s) = s**2 - 99*s - 5578. List the prime factors of n(-68).
2, 3, 107
Let w be -13 + 19 + (-6)/(-3). Suppose 3012 = w*n - 1340. What are the prime factors of n?
2, 17
Suppose 20958 = 3*r + 2*m - 48292, 5*r = -5*m + 115430. What are the prime factors of r?
2, 11, 1049
Let k(f) = 1975*f**2 - 11*f - 17. What are the prime factors of k(-2)?
3, 5, 17, 31
Let f(r) be the first derivative of 2*r**3/3 + r**2/2 - 5*r - 29. Let h(n) = -4*n**2 - 3*n + 10. Let g(o) = -7*f(o) - 4*h(o). List the prime factors of g(8).
163
Let u(c) = 17*c**2 + 66*c. Let t be u(-4). Suppose -3499 = -t*a + 8813. List the prime factors of a.
3, 19
Let n be 5/(-3) + (-4)/(-6) + 5. Suppose -2*o - 72 = 3*l - 248, n*o = -5*l + 350. What are the prime factors of o?
5, 17
Let r(d) = -2377*d - 1434. List the prime factors of r(-14).
2, 19, 419
Suppose 4*n - 44 + 8 = 0. Suppose 7*d - n*d + 32 = 0. Suppose 0 = d*c - 10*c - 324. What are the prime factors of c?
2, 3
Let q = -261 + 264. Suppose 3*a + z = 1613, 3*a + q*z - 6*z - 1617 = 0. List the prime factors of a.
2, 269
Suppose 14*w - 64245 = 41133. What are the prime factors of w?
3, 13, 193
Let g(i) = 1986*i - 1021. List the prime factors of g(2).
13, 227
Let f(b) = 10*b - 2. Let n be f(-4). Let v be 22/(-3) + 2/6. What are the prime factors of 566/12 - v/n?
47
Let l(p) be the third derivative of -2*p**4 - 4*p**2 + 10*p**2 - 21*p + 21*p. List the prime factors of l(-1).
2, 3
Let x(w) = -2*w**2 - 17*w + 7. Let y be x(-7). List the prime factors of 5788/y + (-38)/(-133).
3, 23
Suppose 5*s = -935 + 1025. What are the prime factors of ((-3)/(s/2913))/(2/(-4))?
971
Let u = -3 - -15. Suppose -u*y = -9 + 45. List the prime factors of (-14)/(y - 34/(-12)).
2, 3, 7
Let b = -447 + 449. Suppose 4*s = 3*n - 3927, 5*n - b*s - 3*s - 6545 = 0. What are the prime factors of n?
7, 11, 17
Suppose -104*p = -228*p + 1750260. List the prime factors of p.
3, 5, 941
Let o = 50 + -25. Let m = o + -15. Suppose m*c = 376 + 984. What are the prime factors of c?
2, 17
Let s = 2301 - 1244. Let r = s - -106. What are the prime factors of r?
1163
Let y = 223 - 233. What are the prime factors of -2 + y/(-5) + 522 + 4?
2, 263
Suppose 6*t = -5*t + 8173. Let s = t + -474. List the prime factors of s.
269
Suppose -8*i + 170272 = 4*n, 2*i - 4*n - 44932 = -2364. What are the prime factors of i?
2, 17, 313
Let y(m) = 59*m**2 - m - 4. Let q be y(-2). Let a = q + 285. What are the prime factors of a?
3, 173
Let t be ((-2)/4)/(0 - (-8)/(-80)). Suppose 2*n = t*s - 2, 0 = -4*s + 5*n - 4*n + 4. Suppose -6 = -3*d, 2*d = 5*x - s*d - 1237. List the prime factors of x.
3, 83
Let n(w) = 3*w**2 + 184*w - 170. List the prime factors of n(-82).
2, 3, 7, 13
Let j(p) = 122*p - 43. What are the prime factors of j(14)?
3, 5, 37
Suppose -a + 1068 = 68. Suppose -13*s + 17 - 30 = 0. List the prime factors of 3 - s - a/(-8).
3, 43
Let c = 540 - 535. Let z(g) = 23*g**2 - 9*g + 10. List the prime factors of z(c).
2, 3, 5
Suppose -801719 = -161*j + 984254. List the prime factors of j.
11093
What are the prime factors of 3/(-1) + ((-2)/18 - (-83592757)/1467)?
3, 13, 487
Let v be (-4)/(-2) + 2 - -198. Suppose 0 = v*f - 196*f - 2274. What are the prime factors of f?
379
List the prime factors of (-4)/(-34) - ((-804545)/119 + -1).
2, 3, 7, 23
Suppose 49452 = t - 114*u + 111*u, 0 = -3*u + 15. List the prime factors of t.
3, 11, 1499
Suppose -7 + 25 = 3*h. Suppose 4*a = 3*u, u = h*a - a. Suppose u = -5*w + w + 268. What are the prime factors of w?
67
Let q(n) = 2067*n**2 - n + 10. What are the prime factors of q(-2)?
2, 3, 5, 23
Let m be -4 - (3 - 0 - -174). Let l = m + 279. What are the prime factors of l?
2, 7
Let a = 158 - 193. Let y = a + 534. What are the prime factors of y?
499
What are the prime factors of (33 + -29)/(4/8683)?
19, 457
Suppose -8*i + 13*i = 20. Let v(c) = 14*c**2 - 3*c - 3. Let r(j) = -5*j**2 + j + 1. Let k(x) = 11*r(x) + 4*v(x). List the prime factors of k(i).
11
Let m(j) = -109*j - 4886. List the prime factors of m(-117).
7867
Suppose 0*s + 4*s + 2 = 2*a, 4*s + 11 = 5*a. Suppose 2*o = -w - 12, -o + a = -2*w - 31. Let k(m) = m**3 + 15*m**2 - 18*m - 3. List the prime factors of k(w).
29
Let p(d) = 8*d - 25. Let n be 97/11 - 22/(-121). Let h be p(n). What are the prime factors of h - -3*2/3?
7
What are the prime factors of (-606298)/(-70) - (-5 + (-108)/(-20))?
3, 2887
Suppose -144*s = -145*s + 5*l + 28892, -8*l - 144545 = -5*s. What are the prime factors of s?
3, 7, 17
Let a(q) = -3*q**2 + 23*q + 11. Let c be a(8). Suppose 30 = -c*t + 8*t. Suppose -259 = -t*w + 203. List the prime factors of w.
7, 11
Let d(c) = c**3 + 22*c**2 + 41*c + 23. Let g be d(-20). Suppose g*n + j = 2*j + 241, j - 2 = 0. What are the prime factors of n?
3
What are the prime factors of (-360)/(-225) - (-274434)/5*4/8?
5, 11, 499
Let z(a) = 2*a**2 + 11*a - 1. Let d be z(-6). Suppose 4*j = -d*j. Suppose 5*r - 463 = -3*s - j*s, -s = r - 91. List the prime factors of r.
5, 19
Let p(g) be the first derivative of 3/2*g**2 + 2*g + 1 + 15/4*g**4 + 0*g**3. List the prime factors of p(2).
2
Let n = -330 - -156. Let l = 29 - 39. What are the prime factors of (6/l + 16/(-40))*n?
2, 3, 29
Suppose 0 = -j, 411*h - 11205 = 410*h - 4*j. List the prime factors of h.
3, 5, 83
Let m be (3 + 0)*(-40)/(-3). Let r = m + -37. Suppose 3*v - g = 180, 5*v - 130 - 166 = r*g. List the prime factors of v.
61
Let b = 5482 + 16080. What are the prime factors of b?
2, 10781
Suppose -3*i = -3*a + 57216, -2*a - 17805 = -i - 55944. List the prime factors of a.
23, 829
Let q(h) = 21 - 11*h + 40*h + 30 + h**2 - 2*h**2. What are the prime factors of q(14)?
3, 29
What are the prime factors of 4/(-106) + 13323180/1060?
12569
Let l be (-145)/(-2)*(-19 + 21). Let y = 164 - l. List the prime factors of y.
19
Let a be (-4)/(-3)*(-6)/(-16)*4. Let g be 1 - -2*a/1. Suppose 2*k = -2*m - 22 + 340, g*m = k - 183. List the prime factors of k.
163
Let o = 667 - 605. List the prime factors of o/62 - 1*-1070.
3, 7, 17
Suppose 1760 = -4*t - 5*r + 7142, -t = -2*r - 1339. Suppose 8*c = 8639 - t. List the prime factors of c.
2, 3, 19
Suppose -167 = -6*f + 151. Suppose 0 = -i + 4*x - 19, -4*i = -0*x - x + 91. Let v = f + i. List the prime factors of v.
2, 3, 5
Let n = 44 - 64. Let q = 71 + n. Let m = q - 36. What are the prime factors of m?
3, 5
Let u = -16 - 1. Let n = 17 + u. What are the prime factors of n + -6*9/(-2)?
3
Suppose 0 = -42*s + 138884 + 206272. List the prime factors of s.
2, 7, 587
Let o = 126 - 168. What are the prime factors of ((111/9)/(-1))/(7/o)?
2, 37
Suppose -16*k + 645 = -k. Let y = k - -131. What are the prime factors of y?
2, 3, 29
Let v(d) be the first derivative of -d**4/4 - 2*d**3 - d**2 - 80*d + 140. What are the prime factors of v(-12)?
2, 101
Suppose -67 = 2*y + 3*a, -2*y - 90 = 2*a - 26. Let b(x) = -2*x**2 - 111*x + 29. List the prime factors of b(y).
2, 3, 29
Let h = -301 - -306. Suppose 5*m - 27 = -2*n + 10, h*n = 5. What are the prime factors of m?
7
Suppose 5*j + 5608 = 4*r, 3*r = 8*r - 2*j - 7010. List the prime factors of r.
2, 701
Let w = 10217 - 3620. List the prime factors of w.
3, 733
Suppose -237*c = -250*c + 816006 + 41240. List the prime factors of c.
2, 32971
Let f = 80 + -91. Let s(m) = 305*m - 35. Let y be s(f). List the prime factors of (-2)/13 - y/65.
2, 13
Let h(t) = -760*t - 4947. List the prime factors of h(-16).
7213
Let g(v) = 389*v**2 + 139*v - 1304. What are the prime factors of g(8)?
2, 193
Let b = 2448 + -887. List the prime factors of b.
7, 223
Let g = -146 - -151. Suppose 4*r - g*j - 1860 - 523 = 0, -3*j - 1193 = -2*r. List the prime factors of r.
2, 37
Suppose 2394*b - 2382*b - 30720 = 0. What are the p